19 divide 2751542?
True
Does 27 divide 297098?
False
Is 188640 a multiple of 96?
True
Does 561 divide 446556?
True
Is 992800 a multiple of 5?
True
Is 496832 a multiple of 116?
False
Does 24 divide 1425177?
False
Is 186 a factor of 406492?
False
Does 8 divide 2680573?
False
Is 972370 a multiple of 5?
True
Does 17 divide 80343?
False
Does 17 divide 36873?
True
Is 5709 a multiple of 33?
True
Is 177 a factor of 2012804?
False
Is 360504 a multiple of 27?
True
Does 10 divide 10233159?
False
Does 27 divide 58171?
False
Is 1466 a factor of 2314814?
True
Is 17 a factor of 5077854?
False
Does 82 divide 34721?
False
Is 3574888 a multiple of 14?
False
Is 105508 a multiple of 41?
False
Does 49 divide 170716?
True
Is 6814645 a multiple of 13?
False
Does 428 divide 239824?
False
Is 2664 a multiple of 8?
True
Does 45 divide 1175693?
False
Does 1474 divide 13646292?
True
Does 109 divide 499419?
False
Does 601 divide 4728067?
True
Does 60 divide 331680?
True
Does 152 divide 805712?
False
Is 812 a factor of 1891960?
True
Is 1275 a multiple of 2?
False
Is 935028 a multiple of 171?
True
Does 23 divide 34510?
False
Is 10 a factor of 679060?
True
Does 112 divide 55328?
True
Does 19 divide 781983?
True
Does 10 divide 333573?
False
Is 9283846 a multiple of 249?
False
Does 2 divide 565130?
True
Is 13958173 a multiple of 792?
False
Is 196500 a multiple of 300?
True
Is 13 a factor of 18174?
True
Is 218 a factor of 2244293?
False
Is 22 a factor of 490776?
True
Is 87352 a multiple of 8?
True
Does 50 divide 707077?
False
Is 282825 a multiple of 45?
True
Does 25 divide 388400?
True
Is 515 a factor of 1344665?
True
Does 3 divide 113319?
True
Is 27 a factor of 1317805?
False
Does 58 divide 227504?
False
Is 1149661 a multiple of 3?
False
Is 3522669 a multiple of 215?
False
Is 12 a factor of 43404?
True
Does 126 divide 199161?
False
Is 301 a factor of 208593?
True
Does 603 divide 1801161?
True
Does 5 divide 532000?
True
Is 32 a factor of 581565?
False
Is 759 a factor of 847321?
False
Does 213 divide 175938?
True
Is 87312 a multiple of 272?
True
Is 90171 a multiple of 129?
True
Is 1597248 a multiple of 12?
True
Is 7 a factor of 489003?
False
Is 2042777 a multiple of 29?
False
Does 21 divide 268604?
False
Is 23730 a multiple of 42?
True
Is 153 a factor of 9180524?
False
Is 5 a factor of 334123?
False
Is 262831 a multiple of 49?
False
Does 15 divide 189929?
False
Is 4 a factor of 246716?
True
Is 119 a factor of 348670?
True
Is 9 a factor of 984120?
False
Does 142 divide 3199118?
True
Is 67 a factor of 832517?
False
Is 218 a factor of 50611?
False
Is 415803 a multiple of 17?
True
Does 66 divide 17933520?
True
Does 507 divide 15729168?
True
Does 27 divide 107001?
True
Is 434227 a multiple of 196?
False
Is 13 a factor of 169682?
False
Is 10 a factor of 63820?
True
Is 5 a factor of 8340?
True
Is 53812 a multiple of 74?
False
Is 56 a factor of 199219?
False
Does 14 divide 2398614?
False
Does 4 divide 1300100?
True
Is 1253410 a multiple of 10?
True
Is 6346764 a multiple of 11?
False
Does 173 divide 160371?
True
Is 531556 a multiple of 34?
True
Is 311 a factor of 907498?
True
Does 10 divide 310211?
False
Does 33 divide 120021?
True
Is 378 a factor of 7051167?
False
Is 592 a factor of 253376?
True
Is 79 a factor of 80264?
True
Is 581972 a multiple of 4?
True
Does 38 divide 5099380?
False
Is 265 a factor of 906060?
False
Is 12350655 a multiple of 45?
True
Does 45 divide 285093?
False
Does 16 divide 548951?
False
Is 703 a factor of 127285?
False
Does 63 divide 3401657?
False
Does 6 divide 363972?
True
Is 25 a factor of 1404775?
True
Is 25 a factor of 5098254?
False
Is 54 a factor of 12383?
False
Is 638482 a multiple of 13?
True
Is 72925 a multiple of 65?
False
Is 18 a factor of 14760?
True
Is 58 a factor of 1065005?
False
Is 22 a factor of 8283000?
True
Is 1313250 a multiple of 255?
True
Is 1902560 a multiple of 22?
True
Is 150 a factor of 7821000?
True
Does 547 divide 347040?
False
Does 21 divide 11024349?
True
Is 2633724 a multiple of 596?
True
Is 1499566 a multiple of 73?
True
Is 446 a factor of 2865550?
True
Is 1623099 a multiple of 453?
True
Does 23 divide 36294?
True
Does 20 divide 1188220?
True
Is 6925062 a multiple of 8?
False
Does 8 divide 1653536?
True
Is 2 a factor of 1403931?
False
Is 1990698 a multiple of 196?
False
Is 311 a factor of 406637?
False
Is 110 a factor of 99550?
True
Is 533125 a multiple of 42?
False
Does 17 divide 4028519?
False
Is 33 a factor of 267538?
False
Is 655 a factor of 2526990?
True
Does 21 divide 4186294?
False
Does 75 divide 843075?
True
Does 516 divide 583993?
False
Is 255140 a multiple of 201?
False
Is 175 a factor of 398125?
True
Is 133235 a multiple of 94?
False
Does 18 divide 10710?
True
Does 547 divide 2235042?
True
Is 888272 a multiple of 8?
True
Is 2600 a multiple of 4?
True
Does 11 divide 407517?
True
Is 272 a factor of 357587?
False
Does 3 divide 210808?
False
Is 875919 a multiple of 627?
True
Is 6 a factor of 24636?
True
Does 38 divide 1307732?
True
Is 28 a factor of 316484?
True
Is 95580 a multiple of 36?
True
Is 192 a factor of 2827008?
True
Does 19 divide 5998922?
False
Does 37 divide 78693?
False
Is 556555 a multiple of 109?
False
Does 23 divide 66032?
False
Is 1530797 a multiple of 8?
False
Is 2375353 a multiple of 22?
False
Is 141 a factor of 409712?
False
Is 434 a factor of 596750?
True
Is 73 a factor of 682117?
False
Is 245769 a multiple of 3?
True
Is 120 a factor of 2160536?
False
Does 32 divide 3153696?
True
Does 13 divide 4165861?
False
Is 16 a factor of 3172512?
True
Does 83 divide 470593?
False
Is 2559760 a multiple of 392?
True
Does 113 divide 6060877?
False
Is 188130 a multiple of 15?
True
Is 10 a factor of 1754680?
True
Is 7816838 a multiple of 17?
True
Does 452 divide 1385832?
True
Does 48 divide 566400?
True
Does 103 divide 1429846?
True
Is 14 a factor of 902401?
False
Does 308 divide 8960644?
True
Is 140184 a multiple of 28?
False
Is 477440 even?
True
Is 954320 a multiple of 78?
False
Is 295953 a multiple of 21?
True
Is 38 a factor of 63422?
True
Does 22 divide 1547150?
True
Does 113 divide 140630?
False
Is 55 a factor of 290895?
True
Is 77 a factor of 4177102?
False
Does 10 divide 1190980?
True
Is 62 a factor of 479434?
False
Is 68508 a multiple of 415?
False
Is 607485 a multiple of 253?
False
Is 13 a factor of 13343447?
True
Does 299 divide 6433923?
False
Is 7 a factor of 13174?
True
Is 245014 a multiple of 55?
False
Does 122 divide 9982772?
True
Is 47 a factor of 502242?
True
Is 180675 a multiple of 11?
True
Does 48 divide 37573?
False
Does 362 divide 10365508?
True
Is 438798 a multiple of 3?
True
Is 40 a factor of 73560?
True
Does 59 divide 62647?
False
Is 7 a factor of 118930?
True
Is 643 a factor of 9238624?
True
Is 108 a factor of 431133?
False
Does 92 divide 961492?
True
Is 11676160 a multiple of 1280?
True
Does 117 divide 133065?
False
Is 170 a factor of 148580?
True
Does 10 divide 550207?
False
Does 165 divide 1406130?
True
Does 10 divide 177530?
True
Is 13020894 a multiple of 9?
True
Does 159 divide 177129?
False
Is 9 a factor of 45517?
False
Does 480 divide 814080?
True
Is 36 a factor of 2729481?
False
Is 1533909 a multiple of 13?
True
Does 32 divide 257728?
True
Is 538 a factor of 225991?
False
Does 5 divide 13885?
True
Is 451492 a multiple of 41?
True
Is 6321785 a multiple of 1023?
False
Is 446093 a multiple of 457?
False
Does 15 divide 110124?
False
Is 152 a factor of 48640?
True
Is 3126840 a multiple of 88?
False
Is 7 a factor of 2150757?
True
Is 111528 a multiple of 36?
True
Is 169273 a multiple of 145?
False
Is 229328 a multiple of 3?
False
Is 70194 a multiple of 6?
True
Is 3649800 a multiple of 88?
True
Is 60502 a multiple of 29?
False
Is 133074 a multiple of 39?
False
Is 53 a factor of 526078?
True
Does 36 divide 37043?
False
Is 14518 a multiple of 168?
False
Is 1099907 a multiple of 572?
False
Does 138 divide 2487450?
True
Does 74 divide 5757940?
True
Is 1892610 a multiple of 102?
True
Is 8 a factor of 1604729?
False
Is 23 a factor of 16231907?
False
Does 85 divide 11620075?
False
Does 8 divide 2642732?
False
Is 14561760 a multiple of 120?
True
Is 123 a factor of 1638278?
False
Does 742 divide 1813448?
True
Is 153886 a multiple of 34?
False
Is 3398940 a multiple of 12?
True
Is 403550 a multiple of 4